{"id":590,"date":"2025-08-07T09:40:02","date_gmt":"2025-08-07T09:40:02","guid":{"rendered":"https:\/\/olibit.it\/med\/?post_type=product&#038;p=590"},"modified":"2026-02-05T16:14:29","modified_gmt":"2026-02-05T16:14:29","slug":"ups-per-armadi-frigo-con-uno-spunto-fino-a-4800w","status":"publish","type":"product","link":"https:\/\/www.olibit.it\/med\/prodotto\/ups-per-armadi-frigo-con-uno-spunto-fino-a-4800w\/","title":{"rendered":"UPS &#8211; PER ARMADI FRIGO CON UNO SPUNTO FINO A 4800W"},"content":{"rendered":"<div id=\"productDescription_1\" class=\"productGeneral biggerText\">\n<h3 style=\"text-align: left;\" align=\"justify\"><span style=\"font-family: arial, helvetica, sans-serif; font-size: 18pt;\">GRUPPO DI CONTINUIT\u00c1 PER FRIGORIFERI MEDICALI CON UNO SPUNTO FINO A 4800W<\/span><\/h3>\n<p align=\"justify\"><span style=\"font-family: Arial; font-size: 12pt;\"><strong>Utilizzo:\u00a0<\/strong><br \/>\nFrigoriferi e Congelatori con potenza di spunto non superiore a 4800W &#8211; <\/span><\/p>\n<p align=\"justify\"><span style=\"font-family: Arial; font-size: 14pt;\"><strong>Autonomia da 1 a 39 ore<\/strong> dipende dall&#8217;assorbimento del frigo.<\/span><\/p>\n<p align=\"justify\"><strong>Il nostro TEST<\/strong><\/p>\n<p align=\"justify\"><span style=\"font-family: Arial; font-size: 12pt;\">I<\/span>l risultato dei nostri test condotti sul modello <strong>DS-CL200VG<\/strong> (assorbimento circa 136W) ha evidenziato che la durata massima in assenza di energia \u00e8 di circa 39 ore. Durante il test la porta \u00e8 stata aperta 5 volte (15 secondi per volta), con frigo vuoto. Bisogna anche tener presente che il compressore (motore) del frigo non \u00e8 sempre in funzione in quanto nel momento in cui il frigorifero raggiunge la temperatura di set point si arresta e riprende non appena la temperatura risale.<\/p>\n<p align=\"justify\"><span style=\"font-size: 12pt;\"><b><span style=\"font-family: arial, helvetica, sans-serif;\">Caratteristiche principali:<\/span><\/b><\/span><\/p>\n<p>Dispone di una capacit\u00e0 di 2048Wh e un potente inverter da 2400W (4800W di picco), che supporta frigoriferi con potenza di avvio (spunto) fino a 4800W. L&#8217;inverter bidirezionale a onda sinusoidale pura fornisce una tensione costante, proteggendo i dispositivi.<\/p>\n<p>Pu\u00f2 essere caricato rapidamente in soli 1,8 ore tramite una presa a muro. Pu\u00f2 essere ricaricato anche attraverso pannelli solari. Utilizzando solo i pannelli solari (500W max), impiega solo 2,5 ore per la ricarica. Il tempo di ricarica pu\u00f2 essere ridotto a meno di 1 ora utilizzando una combinazione di presa a muro e ricarica con pannello solare.<\/p>\n<p>Questo dispositivo da 2400W funziona in silenzio, garantendo un&#8217;esperienza di ricarica silenziosa. Con un peso di circa 22g, \u00e8 pi\u00f9 leggero e portatile rispetto ad altri generatori.<\/p>\n<p>\u00c9 dotato di una batteria LiFePO4 aggiornata che supera i 3500 cicli, garantendo una durata di 10 anni. Rinomata per la sua durabilit\u00e0 e la sua eco-sostenibilit\u00e0, la batteria LiFePO4 \u00e8 combinata con la tecnologia BMS per offrire molteplici funzioni di protezione. Inoltre, il sistema UPS integrato si attiva entro 0,1 secondi, garantendo un backup di alimentazione senza interruzioni.<\/p>\n<p>Offre 2048Wh (2400W di potenza in uscita AC) e dispone di 11 porte, tra cui 2 porte AC, 2 porte USB-A, 3 porte USB-C PD 20W, 1 porta USB-C PD100W, 2 porte DC36W e 1 presa accendisigari DC120W.<\/p>\n<p><strong><em><span style=\"font-family: Arial; font-size: 10pt;\">Le foto sono solo indicative, i colori e la struttura possono variare ma le caratteristiche tecniche saranno sempre le stesse.<\/span><\/em><\/strong><\/p>\n<\/div>\n","protected":false},"excerpt":{"rendered":"<ul>\n<li style=\"text-align: left;\"><span style=\"font-size: 12pt;\">Autonomia fino a 39 ore (<span style=\"font-family: Arial;\">dipende dall&#8217;assorbimento del frigo<\/span>)<\/span><\/li>\n<li style=\"text-align: left;\"><span style=\"font-size: 12pt;\">Funzione UPS con passaggio automatico in meno di 8ms, ideale per dispositivi sensibili<\/span><\/li>\n<li style=\"text-align: left;\"><span style=\"font-size: 12pt;\">Batteria LiFePO4 da 2048Wh con oltre 4000 cicli di vita (circa 10 anni di utilizzo)<\/span><\/li>\n<li style=\"text-align: left;\"><span style=\"font-size: 12pt;\">Uscita a onda sinusoidale pura da 2400W (picco 4800W)<\/span><\/li>\n<li style=\"text-align: left;\"><span style=\"font-size: 12pt;\">Ricarica ultrarapida: dallo 0 all\u201980% in circa 49 minuti<\/span><\/li>\n<li style=\"text-align: left;\"><span style=\"font-size: 12pt;\">Quattro modalit\u00e0 di ricarica: presa AC, pannello solare o combinata<\/span><\/li>\n<li style=\"text-align: left;\"><span style=\"font-size: 12pt;\">Display LCD intelligente con regolazione della velocit\u00e0 di ricarica (da 300 a 1100W)<\/span><\/li>\n<\/ul>\n","protected":false},"featured_media":1901,"template":"","meta":[],"product_brand":[],"product_cat":[29],"product_tag":[],"class_list":{"0":"post-590","1":"product","2":"type-product","3":"status-publish","4":"has-post-thumbnail","6":"product_cat-gruppi-di-continuita-frigoriferi-farmaci-vaccini","8":"first","9":"instock","10":"sale","11":"taxable","12":"shipping-taxable","13":"purchasable","14":"product-type-simple"},"yoast_head":"<!-- This site is optimized with the Yoast SEO plugin v27.3 - https:\/\/yoast.com\/product\/yoast-seo-wordpress\/ -->\n<title>UPS per frigoriferi medicali con uno spunto fino a 2300w<\/title>\n<meta name=\"description\" content=\"UPS per frigoriferi medicali con uno spunto fino a 2300w. Passaggio automatico in meno di 10ms, ideale anche per dispositivi sensibili\" \/>\n<meta name=\"robots\" content=\"index, follow, max-snippet:-1, max-image-preview:large, max-video-preview:-1\" \/>\n<link rel=\"canonical\" href=\"https:\/\/www.olibit.it\/med\/prodotto\/ups-per-armadi-frigo-con-uno-spunto-fino-a-4800w\/\" \/>\n<meta property=\"og:locale\" content=\"it_IT\" \/>\n<meta property=\"og:type\" content=\"article\" \/>\n<meta property=\"og:title\" content=\"UPS per frigoriferi medicali con uno spunto fino a 2300w\" \/>\n<meta property=\"og:description\" content=\"UPS per frigoriferi medicali con uno spunto fino a 2300w. Passaggio automatico in meno di 10ms, ideale anche per dispositivi sensibili\" \/>\n<meta property=\"og:url\" content=\"https:\/\/www.olibit.it\/med\/prodotto\/ups-per-armadi-frigo-con-uno-spunto-fino-a-4800w\/\" \/>\n<meta property=\"og:site_name\" content=\"OLIMED - Frigoriferi per Farmacie e Laboratori\" \/>\n<meta property=\"article:modified_time\" content=\"2026-02-05T16:14:29+00:00\" \/>\n<meta property=\"og:image\" content=\"https:\/\/www.olibit.it\/med\/wp-content\/uploads\/2025\/08\/UPS-PS1200W_r.jpg\" \/>\n\t<meta property=\"og:image:width\" content=\"1000\" \/>\n\t<meta property=\"og:image:height\" content=\"1000\" \/>\n\t<meta property=\"og:image:type\" content=\"image\/jpeg\" \/>\n<meta name=\"twitter:card\" content=\"summary_large_image\" \/>\n<meta name=\"twitter:label1\" content=\"Tempo di lettura stimato\" \/>\n\t<meta name=\"twitter:data1\" content=\"3 minuti\" \/>\n<script type=\"application\/ld+json\" class=\"yoast-schema-graph\">{\"@context\":\"https:\\\/\\\/schema.org\",\"@graph\":[{\"@type\":\"WebPage\",\"@id\":\"https:\\\/\\\/www.olibit.it\\\/med\\\/prodotto\\\/ups-per-armadi-frigo-con-uno-spunto-fino-a-4800w\\\/\",\"url\":\"https:\\\/\\\/www.olibit.it\\\/med\\\/prodotto\\\/ups-per-armadi-frigo-con-uno-spunto-fino-a-4800w\\\/\",\"name\":\"UPS per frigoriferi medicali con uno spunto fino a 2300w\",\"isPartOf\":{\"@id\":\"https:\\\/\\\/www.olibit.it\\\/med\\\/#website\"},\"primaryImageOfPage\":{\"@id\":\"https:\\\/\\\/www.olibit.it\\\/med\\\/prodotto\\\/ups-per-armadi-frigo-con-uno-spunto-fino-a-4800w\\\/#primaryimage\"},\"image\":{\"@id\":\"https:\\\/\\\/www.olibit.it\\\/med\\\/prodotto\\\/ups-per-armadi-frigo-con-uno-spunto-fino-a-4800w\\\/#primaryimage\"},\"thumbnailUrl\":\"https:\\\/\\\/www.olibit.it\\\/med\\\/wp-content\\\/uploads\\\/2025\\\/08\\\/UPS-PS1200W_r.jpg\",\"datePublished\":\"2025-08-07T09:40:02+00:00\",\"dateModified\":\"2026-02-05T16:14:29+00:00\",\"description\":\"UPS per frigoriferi medicali con uno spunto fino a 2300w. Passaggio automatico in meno di 10ms, ideale anche per dispositivi sensibili\",\"breadcrumb\":{\"@id\":\"https:\\\/\\\/www.olibit.it\\\/med\\\/prodotto\\\/ups-per-armadi-frigo-con-uno-spunto-fino-a-4800w\\\/#breadcrumb\"},\"inLanguage\":\"it-IT\",\"potentialAction\":[{\"@type\":\"ReadAction\",\"target\":[\"https:\\\/\\\/www.olibit.it\\\/med\\\/prodotto\\\/ups-per-armadi-frigo-con-uno-spunto-fino-a-4800w\\\/\"]}]},{\"@type\":\"ImageObject\",\"inLanguage\":\"it-IT\",\"@id\":\"https:\\\/\\\/www.olibit.it\\\/med\\\/prodotto\\\/ups-per-armadi-frigo-con-uno-spunto-fino-a-4800w\\\/#primaryimage\",\"url\":\"https:\\\/\\\/www.olibit.it\\\/med\\\/wp-content\\\/uploads\\\/2025\\\/08\\\/UPS-PS1200W_r.jpg\",\"contentUrl\":\"https:\\\/\\\/www.olibit.it\\\/med\\\/wp-content\\\/uploads\\\/2025\\\/08\\\/UPS-PS1200W_r.jpg\",\"width\":1000,\"height\":1000,\"caption\":\"UPS per frigoriferi medicali\"},{\"@type\":\"BreadcrumbList\",\"@id\":\"https:\\\/\\\/www.olibit.it\\\/med\\\/prodotto\\\/ups-per-armadi-frigo-con-uno-spunto-fino-a-4800w\\\/#breadcrumb\",\"itemListElement\":[{\"@type\":\"ListItem\",\"position\":1,\"name\":\"Home\",\"item\":\"https:\\\/\\\/www.olibit.it\\\/med\\\/\"},{\"@type\":\"ListItem\",\"position\":2,\"name\":\"Shop\",\"item\":\"https:\\\/\\\/www.olibit.it\\\/med\\\/frigoriferi-per-farmacie-laboratori-ospedali\\\/\"},{\"@type\":\"ListItem\",\"position\":3,\"name\":\"UPS &#8211; PER ARMADI FRIGO CON UNO SPUNTO FINO A 4800W\"}]},{\"@type\":\"WebSite\",\"@id\":\"https:\\\/\\\/www.olibit.it\\\/med\\\/#website\",\"url\":\"https:\\\/\\\/www.olibit.it\\\/med\\\/\",\"name\":\"OLIMED - Frigoriferi per Farmacie e Laboratori\",\"description\":\"\",\"publisher\":{\"@id\":\"https:\\\/\\\/www.olibit.it\\\/med\\\/#organization\"},\"alternateName\":\"OLIMED\",\"potentialAction\":[{\"@type\":\"SearchAction\",\"target\":{\"@type\":\"EntryPoint\",\"urlTemplate\":\"https:\\\/\\\/www.olibit.it\\\/med\\\/?s={search_term_string}\"},\"query-input\":{\"@type\":\"PropertyValueSpecification\",\"valueRequired\":true,\"valueName\":\"search_term_string\"}}],\"inLanguage\":\"it-IT\"},{\"@type\":\"Organization\",\"@id\":\"https:\\\/\\\/www.olibit.it\\\/med\\\/#organization\",\"name\":\"OLIMED by OLIBIT s.r.l.\",\"url\":\"https:\\\/\\\/www.olibit.it\\\/med\\\/\",\"logo\":{\"@type\":\"ImageObject\",\"inLanguage\":\"it-IT\",\"@id\":\"https:\\\/\\\/www.olibit.it\\\/med\\\/#\\\/schema\\\/logo\\\/image\\\/\",\"url\":\"https:\\\/\\\/www.olibit.it\\\/med\\\/wp-content\\\/uploads\\\/2025\\\/07\\\/logo_olimed_2016_p.png\",\"contentUrl\":\"https:\\\/\\\/www.olibit.it\\\/med\\\/wp-content\\\/uploads\\\/2025\\\/07\\\/logo_olimed_2016_p.png\",\"width\":1099,\"height\":379,\"caption\":\"OLIMED by OLIBIT s.r.l.\"},\"image\":{\"@id\":\"https:\\\/\\\/www.olibit.it\\\/med\\\/#\\\/schema\\\/logo\\\/image\\\/\"}}]}<\/script>\n<!-- \/ Yoast SEO plugin. -->","yoast_head_json":{"title":"UPS per frigoriferi medicali con uno spunto fino a 2300w","description":"UPS per frigoriferi medicali con uno spunto fino a 2300w. Passaggio automatico in meno di 10ms, ideale anche per dispositivi sensibili","robots":{"index":"index","follow":"follow","max-snippet":"max-snippet:-1","max-image-preview":"max-image-preview:large","max-video-preview":"max-video-preview:-1"},"canonical":"https:\/\/www.olibit.it\/med\/prodotto\/ups-per-armadi-frigo-con-uno-spunto-fino-a-4800w\/","og_locale":"it_IT","og_type":"article","og_title":"UPS per frigoriferi medicali con uno spunto fino a 2300w","og_description":"UPS per frigoriferi medicali con uno spunto fino a 2300w. Passaggio automatico in meno di 10ms, ideale anche per dispositivi sensibili","og_url":"https:\/\/www.olibit.it\/med\/prodotto\/ups-per-armadi-frigo-con-uno-spunto-fino-a-4800w\/","og_site_name":"OLIMED - Frigoriferi per Farmacie e Laboratori","article_modified_time":"2026-02-05T16:14:29+00:00","og_image":[{"width":1000,"height":1000,"url":"https:\/\/www.olibit.it\/med\/wp-content\/uploads\/2025\/08\/UPS-PS1200W_r.jpg","type":"image\/jpeg"}],"twitter_card":"summary_large_image","twitter_misc":{"Tempo di lettura stimato":"3 minuti"},"schema":{"@context":"https:\/\/schema.org","@graph":[{"@type":"WebPage","@id":"https:\/\/www.olibit.it\/med\/prodotto\/ups-per-armadi-frigo-con-uno-spunto-fino-a-4800w\/","url":"https:\/\/www.olibit.it\/med\/prodotto\/ups-per-armadi-frigo-con-uno-spunto-fino-a-4800w\/","name":"UPS per frigoriferi medicali con uno spunto fino a 2300w","isPartOf":{"@id":"https:\/\/www.olibit.it\/med\/#website"},"primaryImageOfPage":{"@id":"https:\/\/www.olibit.it\/med\/prodotto\/ups-per-armadi-frigo-con-uno-spunto-fino-a-4800w\/#primaryimage"},"image":{"@id":"https:\/\/www.olibit.it\/med\/prodotto\/ups-per-armadi-frigo-con-uno-spunto-fino-a-4800w\/#primaryimage"},"thumbnailUrl":"https:\/\/www.olibit.it\/med\/wp-content\/uploads\/2025\/08\/UPS-PS1200W_r.jpg","datePublished":"2025-08-07T09:40:02+00:00","dateModified":"2026-02-05T16:14:29+00:00","description":"UPS per frigoriferi medicali con uno spunto fino a 2300w. Passaggio automatico in meno di 10ms, ideale anche per dispositivi sensibili","breadcrumb":{"@id":"https:\/\/www.olibit.it\/med\/prodotto\/ups-per-armadi-frigo-con-uno-spunto-fino-a-4800w\/#breadcrumb"},"inLanguage":"it-IT","potentialAction":[{"@type":"ReadAction","target":["https:\/\/www.olibit.it\/med\/prodotto\/ups-per-armadi-frigo-con-uno-spunto-fino-a-4800w\/"]}]},{"@type":"ImageObject","inLanguage":"it-IT","@id":"https:\/\/www.olibit.it\/med\/prodotto\/ups-per-armadi-frigo-con-uno-spunto-fino-a-4800w\/#primaryimage","url":"https:\/\/www.olibit.it\/med\/wp-content\/uploads\/2025\/08\/UPS-PS1200W_r.jpg","contentUrl":"https:\/\/www.olibit.it\/med\/wp-content\/uploads\/2025\/08\/UPS-PS1200W_r.jpg","width":1000,"height":1000,"caption":"UPS per frigoriferi medicali"},{"@type":"BreadcrumbList","@id":"https:\/\/www.olibit.it\/med\/prodotto\/ups-per-armadi-frigo-con-uno-spunto-fino-a-4800w\/#breadcrumb","itemListElement":[{"@type":"ListItem","position":1,"name":"Home","item":"https:\/\/www.olibit.it\/med\/"},{"@type":"ListItem","position":2,"name":"Shop","item":"https:\/\/www.olibit.it\/med\/frigoriferi-per-farmacie-laboratori-ospedali\/"},{"@type":"ListItem","position":3,"name":"UPS &#8211; PER ARMADI FRIGO CON UNO SPUNTO FINO A 4800W"}]},{"@type":"WebSite","@id":"https:\/\/www.olibit.it\/med\/#website","url":"https:\/\/www.olibit.it\/med\/","name":"OLIMED - Frigoriferi per Farmacie e Laboratori","description":"","publisher":{"@id":"https:\/\/www.olibit.it\/med\/#organization"},"alternateName":"OLIMED","potentialAction":[{"@type":"SearchAction","target":{"@type":"EntryPoint","urlTemplate":"https:\/\/www.olibit.it\/med\/?s={search_term_string}"},"query-input":{"@type":"PropertyValueSpecification","valueRequired":true,"valueName":"search_term_string"}}],"inLanguage":"it-IT"},{"@type":"Organization","@id":"https:\/\/www.olibit.it\/med\/#organization","name":"OLIMED by OLIBIT s.r.l.","url":"https:\/\/www.olibit.it\/med\/","logo":{"@type":"ImageObject","inLanguage":"it-IT","@id":"https:\/\/www.olibit.it\/med\/#\/schema\/logo\/image\/","url":"https:\/\/www.olibit.it\/med\/wp-content\/uploads\/2025\/07\/logo_olimed_2016_p.png","contentUrl":"https:\/\/www.olibit.it\/med\/wp-content\/uploads\/2025\/07\/logo_olimed_2016_p.png","width":1099,"height":379,"caption":"OLIMED by OLIBIT s.r.l."},"image":{"@id":"https:\/\/www.olibit.it\/med\/#\/schema\/logo\/image\/"}}]}},"blog_post_layout_featured_media_urls":{"thumbnail":["https:\/\/www.olibit.it\/med\/wp-content\/uploads\/2025\/08\/UPS-PS1200W_r-150x150.jpg",150,150,true],"full":["https:\/\/www.olibit.it\/med\/wp-content\/uploads\/2025\/08\/UPS-PS1200W_r.jpg",1000,1000,false]},"categories":null,"categories_names":null,"comments_number":"0","jetpack_sharing_enabled":true,"_links":{"self":[{"href":"https:\/\/www.olibit.it\/med\/wp-json\/wp\/v2\/product\/590","targetHints":{"allow":["GET"]}}],"collection":[{"href":"https:\/\/www.olibit.it\/med\/wp-json\/wp\/v2\/product"}],"about":[{"href":"https:\/\/www.olibit.it\/med\/wp-json\/wp\/v2\/types\/product"}],"wp:featuredmedia":[{"embeddable":true,"href":"https:\/\/www.olibit.it\/med\/wp-json\/wp\/v2\/media\/1901"}],"wp:attachment":[{"href":"https:\/\/www.olibit.it\/med\/wp-json\/wp\/v2\/media?parent=590"}],"wp:term":[{"taxonomy":"product_brand","embeddable":true,"href":"https:\/\/www.olibit.it\/med\/wp-json\/wp\/v2\/product_brand?post=590"},{"taxonomy":"product_cat","embeddable":true,"href":"https:\/\/www.olibit.it\/med\/wp-json\/wp\/v2\/product_cat?post=590"},{"taxonomy":"product_tag","embeddable":true,"href":"https:\/\/www.olibit.it\/med\/wp-json\/wp\/v2\/product_tag?post=590"}],"curies":[{"name":"wp","href":"https:\/\/api.w.org\/{rel}","templated":true}]}}