{"id":593,"date":"2025-08-07T11:14:29","date_gmt":"2025-08-07T11:14:29","guid":{"rendered":"https:\/\/olibit.it\/med\/?post_type=product&#038;p=593"},"modified":"2025-08-23T17:14:50","modified_gmt":"2025-08-23T17:14:50","slug":"congelatore-porta-a-vetro-per-alimenti-senza-glutine","status":"publish","type":"product","link":"https:\/\/www.olibit.it\/med\/prodotto\/congelatore-porta-a-vetro-per-alimenti-senza-glutine\/","title":{"rendered":"VETRINA CONGELATORE CELIACHIA 400LT -15\u00b0 \/ -18\u00b0C DS-FR390VGM"},"content":{"rendered":"<h3><span style=\"font-size: 18pt;\"><strong><span style=\"font-family: arial,helvetica,sans-serif;\">Congelatore -15\u00b0 \/ -18\u00b0C porta a vetro per alimenti senza glutine<\/span><\/strong><\/span><\/h3>\n<p>Congelatore professionale, pensato per le farmacie che offrono un angolo dedicato agli alimenti per celiaci. Con una <strong>capacit\u00e0 di 400 litri<\/strong> e una <strong>porta a vetro<\/strong>, \u00e8 ideale per la <strong>conservazione sicura e visibile<\/strong> di prodotti senza glutine surgelati. La temperatura regolabile tra <strong>-15\u00b0C e -18\u00b0C<\/strong> garantisce la massima qualit\u00e0 degli alimenti. <span style=\"font-size: 12pt;\"><span style=\"font-family: arial, helvetica, sans-serif;\">La corretta conservazione degli alimenti senza glutine surgelati prevede la conservazione ad una temperatura di -18\u00b0C. Perfetto per farmacie e punti vendita dedicati alla celiachia, mantiene i surgelati tra <strong>-15\u00b0C e -18\u00b0C<\/strong>, preservando gusto e propriet\u00e0 nutrizionali. Ogni dettaglio \u00e8 studiato per offrire <strong>affidabilit\u00e0 e comfort visivo<\/strong>, trasformando la conservazione in un gesto di cura verso il cliente.<\/span><\/span><\/p>\n<div align=\"justify\"><strong>CARATTERISTICHE<\/strong><\/div>\n<ul>\n<li>Armadio congelatore 400 Lt.<\/li>\n<li>Armadio bianco con interno in termoformato<\/li>\n<li>Refrigerazione statica: Ripiani evaporatore fissi (N.7 ripiani)<\/li>\n<li>Gas refrigerante ecologico R290<\/li>\n<li>Sbrinamento manuale<\/li>\n<li>Schiumatura in Ciclopentano (50mm di spessore per lato &#8211; Senza CFC)<\/li>\n<li>Termostato meccanico<\/li>\n<li>Termometro digitale<\/li>\n<li>Guarnizione Estraibile<\/li>\n<li>Porta riscaldata con doppio vetro di sicurezza temperato<\/li>\n<li>Porta autochiudente<\/li>\n<li>Serratura di serie e maniglia esterna rettangolare in alluminio<\/li>\n<li>Luce interna orizzontale LED (Con interruttore indipendente)<\/li>\n<li>N.2 Piedini regolabili + N.2 ruote posteriori<\/li>\n<\/ul>\n<div class=\"tablescheda left\"><strong style=\"background-color: transparent;\">STRUTTURA<\/strong><\/div>\n<div class=\"tablescheda right\">\n<div class=\"tablescheda left\">\n<div>\n<div class=\"tablescheda left\">\n<div>Profondit\u00e0\u00a0600 mm<\/div>\n<div>Altezza\u00a01825 mm<\/div>\n<div>Larghezza\u00a0595 mm<\/div>\n<div>Profondit\u00e0 interna\u00a0440 mm<\/div>\n<div>Altezza interna\u00a01550 mm<\/div>\n<div>Larghezza interna\u00a0475 mm<\/div>\n<\/div>\n<div class=\"tablescheda right\">\n<div>Livello di rumore\u00a054.1<\/div>\n<div>Kw\/24h\u00a08.6 Kw<\/div>\n<div>Capacit\u00e0\u00a0300 L<\/div>\n<div>Consumo\u00a0620 W<\/div>\n<div>Peso\u00a092.5 Kg<\/div>\n<div>Temperatura\u00a0-15\u00b0 ~ -18\u00b0C<\/div>\n<\/div>\n<\/div>\n<\/div>\n<\/div>\n","protected":false},"excerpt":{"rendered":"<p style=\"text-align: justify;\">Vetrina congelatore per alimenti senza glutine, pensato per le farmacie che offrono un angolo dedicato agli alimenti per celiaci. Con una capacit\u00e0 di 400 litri e una porta a vetro, \u00e8 ideale per la conservazione sicura e visibile di prodotti senza glutine surgelati. La temperatura regolabile tra -15\u00b0C e -18\u00b0C garantisce la massima protezione della qualit\u00e0 degli alimenti.<\/p>\n","protected":false},"featured_media":594,"template":"","meta":[],"product_brand":[],"product_cat":[26],"product_tag":[55,70,71,104,105],"class_list":{"0":"post-593","1":"product","2":"type-product","3":"status-publish","4":"has-post-thumbnail","6":"product_cat-freezer-per-alimenti-senza-glutine","7":"product_tag-400-litri-capacita","8":"product_tag-alimenti-senza-glutine","9":"product_tag-celiachia-congelatori-per-alimenti-celiaci","10":"product_tag-freezer-alimenti-senza-glutine","11":"product_tag-freezer-celiachia","13":"first","14":"instock","15":"sale","16":"taxable","17":"shipping-taxable","18":"purchasable","19":"product-type-simple"},"blog_post_layout_featured_media_urls":{"thumbnail":["https:\/\/www.olibit.it\/med\/wp-content\/uploads\/2025\/08\/DS-FR390_600x600-150x150.jpg",150,150,true],"full":["https:\/\/www.olibit.it\/med\/wp-content\/uploads\/2025\/08\/DS-FR390_600x600.jpg",600,600,false]},"categories":null,"categories_names":null,"comments_number":"0","jetpack_sharing_enabled":true,"_links":{"self":[{"href":"https:\/\/www.olibit.it\/med\/wp-json\/wp\/v2\/product\/593","targetHints":{"allow":["GET"]}}],"collection":[{"href":"https:\/\/www.olibit.it\/med\/wp-json\/wp\/v2\/product"}],"about":[{"href":"https:\/\/www.olibit.it\/med\/wp-json\/wp\/v2\/types\/product"}],"wp:featuredmedia":[{"embeddable":true,"href":"https:\/\/www.olibit.it\/med\/wp-json\/wp\/v2\/media\/594"}],"wp:attachment":[{"href":"https:\/\/www.olibit.it\/med\/wp-json\/wp\/v2\/media?parent=593"}],"wp:term":[{"taxonomy":"product_brand","embeddable":true,"href":"https:\/\/www.olibit.it\/med\/wp-json\/wp\/v2\/product_brand?post=593"},{"taxonomy":"product_cat","embeddable":true,"href":"https:\/\/www.olibit.it\/med\/wp-json\/wp\/v2\/product_cat?post=593"},{"taxonomy":"product_tag","embeddable":true,"href":"https:\/\/www.olibit.it\/med\/wp-json\/wp\/v2\/product_tag?post=593"}],"curies":[{"name":"wp","href":"https:\/\/api.w.org\/{rel}","templated":true}]}}